2 a factor of b?
False
Let p(f) be the third derivative of -f**4/12 + 41*f**3/6 - 19*f**2. Does 4 divide p(15)?
False
Let s be (0 + 3 - 5) + 9. Suppose -2 = z - s. Suppose 0 = -z*a + 2*a + q + 107, a + 2*q - 24 = 0. Is a a multiple of 15?
False
Let q be (3 - 4) + (7 - 1). Suppose -q*y = -12 - 8, 2*y = -4*z + 108. Let a = 47 - z. Does 11 divide a?
True
Let j(t) = t**3 - 19*t**2 + t - 13. Let l be j(20). Let g = 649 - l. Does 32 divide g?
False
Let x be -24 + (-1 + 3)/(-2). Suppose 171 = 187*w - 184*w. Let t = w + x. Is t a multiple of 16?
True
Let c(b) = 338*b + b**3 - 338*b + 105 - b**2. Is c(0) a multiple of 35?
True
Suppose 4*m = -3*m + 21. Suppose -4*n + m*o + 141 = 33, -132 = -4*n - 3*o. Does 10 divide n?
True
Let s(g) = -g**2 - 3*g. Let t be s(-3). Let b = -36 - -53. Suppose t = 5*u - 2*u - 2*x - 58, u - 3*x = b. Does 17 divide u?
False
Let x = 57 + -25. Suppose -152 = -k - x. Does 40 divide k?
True
Is 4 a factor of (-552)/(-9)*(-90)/(-12)?
True
Let s(t) = -2*t**3 - 4*t**2 + 3*t - 1. Suppose -2 = p + p, 2*p + 11 = 3*a. Let l = a + -7. Is s(l) a multiple of 17?
True
Let d(g) = g**3 - 2*g**2 + 3*g - 2. Let m be d(2). Let t be 10/(-6)*m*-3. Let a = -12 + t. Is a a multiple of 8?
True
Suppose 5*y = -7*m + 6*m + 617, -2*y = -3*m + 1783. Is 23 a factor of m?
False
Suppose 105*f = 101*f + 2852. Is f a multiple of 23?
True
Suppose -3*r + 2647 = 3*s - 4*r, 4*s = 2*r + 3530. Is 86 a factor of s?
False
Let i(m) = m**3 - 16*m**2 - m + 21. Let p be i(16). Suppose 0*a + 1320 = p*a. Is 24 a factor of a?
True
Let b(n) = 17*n**2 - 10*n + 4. Let o(i) = -26*i**2 + 15*i - 6. Let d(a) = -7*b(a) - 5*o(a). Is 5 a factor of d(2)?
False
Let l(d) = d**2 - 15*d - 35. Let y(k) = -2*k**2 + 28*k + 69. Let n(j) = 5*l(j) + 3*y(j). Is 8 a factor of n(8)?
True
Let p = -41 - -41. Suppose 3*y + p*y = 381. Is 16 a factor of y?
False
Let v = 8686 - 4653. Is v a multiple of 37?
True
Suppose -5*v + 10 = 5*s, -5*s - 4*v - 1 + 12 = 0. Suppose -s*z = 62 + 133. Is 14 a factor of (8 - z) + -1*3?
True
Let d be (4/2 - 8)*8359/(-26). Does 22 divide 2/21*d - 8/(-28)?
False
Let a(p) = -p**2 + 14*p - 20. Let y be a(8). Suppose 10 + 25 = 5*s - 5*g, g = -5*s + 23. Is 28 a factor of 2*y/10*s?
True
Suppose -4071 - 13354 = -41*t. Is t a multiple of 17?
True
Suppose -10 = 5*n, 3*n - 2824 = -5*g + 2120. Let q = g - 688. Does 27 divide q?
False
Let y(l) = -21*l - 3. Let c be (-36)/21 - (-8)/(-28). Let a be c*((-7)/2 - -4). Is 9 a factor of y(a)?
True
Suppose -4*n - 21 = -3*o, -2 = -2*n - 3*o + 1. Suppose 0 = r - 1, 0 = 3*p - r - 2 - 3. Is (26/n)/(p/(-6)) a multiple of 17?
False
Suppose -7*y = 3505 - 13452. Is y a multiple of 9?
False
Suppose -b - 22 = -12*b. Suppose -b*x + 0*x = -332. Is 22 a factor of x?
False
Suppose 4*g + 5229 = 3*p, 5*p + 5*g - 4296 = 4384. Is 47 a factor of p?
True
Suppose 0 = 3*z - i - 24, -16 = z - 3*z + 3*i. Does 27 divide z/(-10) - (-684)/5?
False
Suppose -8*f + 1621 - 21 = 0. Suppose 5*s - f = s. Does 13 divide s?
False
Let i be (-144)/(-15) - (-9)/(-15). Let p be (-979)/i + (-8)/36. Let h = p + 186. Does 11 divide h?
True
Suppose 4*x = 2*b + 20, 4*b + 18 = x - 4*x. Suppose 10*k - 215 + 15 = 0. Let j = b + k. Is 7 a factor of j?
True
Let k = 14 - -406. Suppose 2*v = 4*w + k, 8*w = -2*v + 6*w + 444. Does 14 divide v?
False
Let m be 1 - (3 - 9) - 4. Is (2/m)/((-2)/(-219)) a multiple of 21?
False
Let j = -106 + 109. Suppose -2*g = -j*g + 24. Is 6 a factor of g?
True
Let x(s) = 2*s**2 + 9*s + 10. Let p be x(-5). Suppose p*l = 14*l + 60. Is l a multiple of 12?
True
Suppose -8 = -a - 5. Suppose -18 = -5*y - 3*f, 8 = a*y - 3*f + 2*f. Is 12 a factor of (1/y)/((-2)/(-72))?
True
Let u(i) = -i + 3. Let f be u(5). Let g be 0 - 23 - (f + 1). Does 22 divide 4/g + 794/11?
False
Let s = 572 - 156. Is s a multiple of 32?
True
Let u(l) = -1 - l + 6 + 3. Let a be u(4). Suppose 2*v + p = 84, -a*v + 3*p = -0*v - 188. Is 22 a factor of v?
True
Suppose n + 56 = 5*n. Suppose -4*b + 10 + n = 0. Suppose -b*y = -4*y - 30. Is y a multiple of 5?
True
Suppose 16 = -r + 4*v + 2, 0 = -5*r + 4*v - 6. Suppose w = r*w + 6. Let u(s) = -6*s + 1. Does 30 divide u(w)?
False
Let l(b) = 16*b**2 + 2*b + 1. Suppose -t - 5*t + 42 = 0. Suppose t*z - 2*z = -10. Is l(z) a multiple of 8?
False
Let z(d) = d**3 - 20*d**2 - 5*d + 70. Does 29 divide z(21)?
True
Suppose 75*j + 2 = 76*j. Let q be (-1 + 3)*(-10)/(-4). Suppose 117 = 5*c - j*y, -q*c = -9*c + y + 93. Is c a multiple of 8?
False
Suppose 1498 = 4*l + 5*c, -5*l = -4*l - 2*c - 368. Does 18 divide l?
False
Let r(d) = 412*d + 75. Is r(2) a multiple of 29?
True
Let n = -146 - -679. Does 9 divide n?
False
Let d = 44 - 41. Suppose -d*n + 148 = -n. Is n a multiple of 17?
False
Let a = 2 - -5. Suppose 17*x + 13 = g + 19*x, -x = -3*g + 11. Let s = a + g. Is 12 a factor of s?
True
Let x(h) = h**2 + 12*h + 7. Is x(-12) a multiple of 5?
False
Suppose -3*y - 5*w = -4*w - 2606, 0 = y - 4*w - 860. Is y a multiple of 31?
True
Let t be (-9)/9 - 7*(-2 + 1). Let a = 16 - t. Is 10 a factor of a?
True
Let v(m) = -5*m - 14. Let w be v(-6). Suppose 3*d - 606 = -5*a, a + d - 104 = w. Suppose 4*b - a = 13. Is 19 a factor of b?
False
Let x be 2/(-2) - ((-2)/2 + -2). Suppose -4*o + 0*v - 2*v + 284 = 0, 8 = -x*v. Does 21 divide o?
False
Suppose 10 + 5 = 3*h. Suppose h*j - 318 = 432. Suppose 2*p - j = -3*p. Does 10 divide p?
True
Let t = -84 - -86. Suppose -g + 1002 = 5*h - 3*g, t*g - 598 = -3*h. Does 40 divide h?
True
Let u(p) = p**2 - 2*p - 4. Suppose 3*c - g + 3 = 5*c, 2*c - 12 = 2*g. Let n be u(c). Does 13 divide n*1/2*-26?
True
Suppose 9*p = 4*p + 140. Let l be (p - 7)*(-10)/(-3). Let i = l - 13. Does 11 divide i?
False
Suppose -47*i + 40*i = -1008. Suppose i = 12*g - 0*g. Is 2 a factor of g?
True
Let q(p) = -4*p - 8 + 10 - 6*p. Let v be q(-10). Suppose 3*l = v + 18. Is 13 a factor of l?
False
Let b = -264 - -278. Is b a multiple of 7?
True
Let v(f) = f**3 + 4*f**2 - f - 2. Let l be v(-4). Let a(z) = -z**l + 4 + 7*z + 8*z - 13*z + 2*z**2. Is a(4) a multiple of 14?
True
Let g(d) = d**2 + 64*d + 10. Is g(-65) a multiple of 14?
False
Let u = -10 + 143. Let y = u + -89. Is 11 a factor of y?
True
Suppose 0 = -6*k + 11522 + 7702. Is 9 a factor of k?
True
Suppose -2*r - 2*r - 16 = -4*x, -5*x - 5*r - 10 = 0. Suppose 2*y = 2*g + 380, 3 = 4*g - x. Is y a multiple of 21?
False
Let r(p) = 6 + 17*p + 8 - 10 + 2*p**2. Is 34 a factor of r(-10)?
True
Suppose 4*w + 3*k + 4846 = 6*w, -3*w = 2*k - 7256. Is w a multiple of 102?
False
Let b be (-2)/7 - (-258)/21. Let z(r) = r**3 - 11*r**2 - 12*r + 1. Let y be z(b). Is 2*(2 - 0 - y) even?
True
Suppose -6*q = -q + 45. Let o(h) = h**3 + 9*h**2 + 10. Is 8 a factor of o(q)?
False
Suppose 1597 = 4*j + k, 10*k + 1992 = 5*j + 7*k. Does 7 divide j?
True
Suppose 0 = -3*q - 13 + 34. Let m(i) = i**2 - 5*i - 3. Does 2 divide m(q)?
False
Let w = -14 - -15. Let d be w*(-2 - (-2 + 6)). Let c(x) = x**3 + 7*x**2 + 5*x + 3. Is c(d) a multiple of 9?
True
Let d be (-5)/((4/(-2))/4). Let k = 16 - d. Suppose 0*a - k*a = -72. Is a a multiple of 12?
True
Suppose -634 = -2*u - 2*i, -u = 4*i - 6*i - 323. Suppose b - 5*x - u = 0, 3*x + 31 - 898 = -3*b. Is b a multiple of 24?
False
Let t = -1063 - -1903. Suppose t = -10*b + 14*b. Does 15 divide b?
True
Let l be -3 - ((-23)/6 + (-10)/60). Does 6 divide ((-1)/2)/(0 + l)*-86?
False
Let i = 9 + -4. Does 13 divide 787/i + (-10)/(-25)*-1?
False
Let p be (9/(-6))/((-6)/(-8)). Is 7 a factor of p*1 - (-63)/7?
True
Suppose -33*h + 997 = -389. Is h even?
True
Let i = 15 - 11. Suppose -w = -m - 0*w + i, w = -5. Does 9 divide 2 + (-16)/(m + 0)?
True
Let p be 0*(-2)/4*(1 + 1). Is 6/(-8) + (1029/12 - p) a multiple of 17?
True
Suppose 3*f - u - 2*u + 21 = 0, 4 = u. Let j(v) = -1. Let t(n) = -2*n + 1. Let m(a) = 5*j(a) + t(a). Does 2 divide m(f)?
True
Let g be (-619)/(-9) - (-6)/27. Suppose -g = -5*w - 0*z + 2*z, 30 = w + 5*z. Let l(f) = 4*f - 17. Is l(w) a multiple of 9?
False
Suppose -r = -3*r + 3*n - 7, 4*r = -5*n - 25. Let k be 816/60*r/(-2). Suppose 4*v + 5*y = 45, -3*v - 4*y - 1 = -k. Is 6 a factor of v?
False
Suppose 0*y = 2*y - 46. Suppose 0 = -3*l - 15, y = -t - 5*l + 7. Suppose -366 = -12*f + t*f. Does 32 divide f?
False
Does 45 divide 8 + 440/2 + -3?
True
Let j(w) = 11*w**2 + 3*w + 1. Let u = 46 - 47. Is 3 a factor of j(u)?
True
Let y(b